s of l.
3
Let l(u) = 7*u**3 + u - 1. Let y be l(1). Suppose 4*j - 242 = 2*a, -3*a - 126 = -2*j - y*a. List the prime factors of j.
61
Let k(y) = 7*y + 1. Let o be k(-1). Let f(n) be the third derivative of n**5/60 + n**4/6 - n**3/2 - 2*n**2. List the prime factors of f(o).
3
Let x be 3*(-2 - 50/(-6)). Let s = x + -6. List the prime factors of s.
13
What are the prime factors of (-1)/4*(-4 + 6)*-382?
191
Let k(i) be the third derivative of i**6/180 + i**4/12 + i**3/6 + i**2. Let f(a) be the first derivative of k(a). What are the prime factors of f(2)?
2, 5
Suppose 249 = -3*t + 4*t - 2*m, m - 775 = -3*t. What are the prime factors of t?
257
Let c be (5 - 5) + (-8)/(-2). Let d be c - 1 - (-4)/(-4). List the prime factors of 3 + 6/(d/1).
2, 3
Let c(d) = d - 5. Let b be c(11). Suppose r - 3 - b = 0. List the prime factors of r.
3
Let y(u) = -3*u**2 + u - 3. Let c be y(3). Let h be 4/18 + 168/c. Let a = h - -11. List the prime factors of a.
5
Let l(y) = y**3 + 3*y**2 - y. Let q be l(-3). Suppose 0 = 4*t + 2*p - 122, 0 = q*t - 3*p - 76 - 29. List the prime factors of t.
2
Suppose -2*u = 5*h - 4*u + 15, -2*u = -2*h. Let n(d) = -6*d - 10. Let b(l) = 3*l + 5. Let j(c) = -9*b(c) - 4*n(c). List the prime factors of j(h).
2, 5
Suppose 0 = -2*j - 8, 7*j - 175 = -5*q + 2*j. List the prime factors of q.
3, 13
Suppose 0 = 5*t - t. Suppose t = 3*s - 40 + 10. List the prime factors of s.
2, 5
Suppose z = -7*z + 992. What are the prime factors of z?
2, 31
Let r(z) = -2*z + 5. Let s be r(7). Let q = 14 + s. What are the prime factors of q?
5
Suppose y + 11 = 3*x, x + 0*y - y - 5 = 0. Suppose b - m - 13 = 0, -m = x*b + 2*b - 53. What are the prime factors of b?
11
Suppose -4*b + b + 15 = 5*v, 2*b = -5*v + 15. Suppose b = -4*m + 9 + 11. List the prime factors of m.
5
Let o(u) = -u**2 + 6*u + 3. Let q be o(6). Suppose -2 = q*h - 26. List the prime factors of h.
2
Let o(x) = -x**3 + 5*x**2 + 3*x - 5. Let p be o(5). Let r(i) = -i**2 + 9*i - 7. Let v(u) = u + 1. Let y(l) = r(l) + 2*v(l). List the prime factors of y(p).
5
Let u(l) = 1. Let a(m) = 85*m + 1. Let b(n) = a(n) + u(n). Let r be b(2). List the prime factors of r/16 + (-1)/(-4).
11
Let c = 26 + -14. Let x = -7 + c. Suppose x*j + 0 - 35 = 0. List the prime factors of j.
7
Suppose p - 2*n - 30 = 0, 0*p + 3*p = 4*n + 100. What are the prime factors of p?
2, 5
What are the prime factors of (5 + 4 + -8)*87?
3, 29
Suppose 0 = -2*x + 2*d, x + 3*d - 30 = -2*x. Suppose -p - 56 = -x*p. List the prime factors of p.
2, 7
Suppose 1225 = -5*o + 10*o. What are the prime factors of o?
5, 7
List the prime factors of -5*(-6)/70 + 445/7.
2
Let m be (15/6)/(4/8). Suppose 0 = m*j - 109 - 11. List the prime factors of j.
2, 3
Let d be 4/(-18) - (-20)/9. Suppose 12 = o + d*o. What are the prime factors of o?
2
Let a = 11 - 15. Let f be 0*(2 + 10/a). Suppose f*t = 3*t - 9. What are the prime factors of t?
3
Let c be (-6)/4*84/9. Let m = c - -30. Suppose 4*t = 8 + m. List the prime factors of t.
2, 3
Let y(n) = 2*n**2 - 13*n - 11. Let t be y(10). Let q = -34 + t. What are the prime factors of q?
5
What are the prime factors of 267/5 + 6/(-15)?
53
List the prime factors of (-30)/9 + 1/3 - -45.
2, 3, 7
Let s be 6 - 0*3/(-6). Suppose 4*j = s + 14. What are the prime factors of (j + -4)/((-2)/(-8))?
2
Let j(x) = -2*x - 3. Let f(a) = a + 1. Let l(t) = -8*f(t) - 3*j(t). Suppose 0 = -3*q - 5*v - 4, -3*v + 7 = -2*q - 2*v. List the prime factors of l(q).
7
Let h = -7 - -10. Suppose 2*b + 1 = -9, -4*y - h*b + 41 = 0. What are the prime factors of y?
2, 7
Let w(i) = -2*i**2 + i - 1. Let f be w(1). Let v(p) = 15*p. Let l be v(f). What are the prime factors of (4/12)/((-2)/l)?
5
Let n(g) = g**3 + g**2 + g. Let o be n(0). Suppose 2*s + s + i = 7, -2*s = 3*i + 7. Suppose o*z = s*z - 52. List the prime factors of z.
13
Suppose -5*s - 3 = -18. Suppose 5*m - 2*i = m + 8, -i = s*m - 6. What are the prime factors of m?
2
List the prime factors of (-85)/(-30) + 1/6.
3
Let z = -32 - -87. What are the prime factors of z?
5, 11
Suppose w + 15 = -4*w. Let q be (-1)/w*(-18)/(-2). Suppose -q*o - 32 = -2*d + 1, 2*d = -4*o - 2. What are the prime factors of d?
3
Let r = -14 + 7. Let w(o) = o**2 - 3*o + 7. Let h be w(5). Let g = h + r. List the prime factors of g.
2, 5
Let g(q) = 70*q**2 - 2*q - 2. List the prime factors of g(-1).
2, 5, 7
Suppose 0 = -2*u - 2*z + 8, -4*u = 2*z - 8 - 0. Suppose j = -u*j. List the prime factors of j + (4*-1)/(-1).
2
Let v(h) = h**2 - 2. Let f be v(2). Suppose f = 2*x - 0. Suppose 0 = -2*u + 3*s + 29, s = 2*s + x. List the prime factors of u.
13
List the prime factors of -257*(-2)/4*2.
257
Let j(i) = -i**3 + 5*i**2 + 8*i - 1. Suppose 2*x = -3*t + 10, -t + 3*x + 1 + 17 = 0. List the prime factors of j(t).
11
Let s(x) = x**2 + 12*x + 3. Let i(q) = 5*q**2 + q - q**2 - 3*q**2. Let m(a) = -2*i(a) + s(a). List the prime factors of m(10).
3
Let c be (-476)/(-10) + 3/(-5). Let g = -36 + 105. Let n = g - c. What are the prime factors of n?
2, 11
Suppose -z + 119 = l + 4*l, 3*l + 5*z - 67 = 0. List the prime factors of l.
2, 3
Let d(q) = 2*q**2 - q - 5. List the prime factors of d(4).
23
Let d(w) = -w**2 + 4*w - 5. Let s be d(5). Suppose 86 = 4*i - 142. What are the prime factors of s/25 + i/5?
11
Suppose 0*s = 5*s - 800. Suppose 4*b - 31 + 11 = 0, 4*p + 4*b = s. What are the prime factors of p?
5, 7
Let g(i) = i + 39. List the prime factors of g(0).
3, 13
Suppose 93 = 2*l - 0*l + f, -4*l + 3*f + 201 = 0. Let g = 17 - l. Let i = -19 - g. List the prime factors of i.
2, 3
Let m(i) = i**3 - 10 + 7*i**2 + 16 + 0*i - 6*i. Let a be m(-7). Suppose -a = -l - 3*l. List the prime factors of l.
2, 3
Suppose -3 - 18 = -3*m. Let o = m - 5. Suppose o*n - 4 = 4. List the prime factors of n.
2
Let m = -131 + 210. What are the prime factors of m?
79
Let f(l) = -17*l - 9. List the prime factors of f(-8).
127
Let i be 2/3*3*1. Let r(k) = 5*k + 2. Let t(d) = -5*d - 1. Let l(v) = -4*r(v) - 5*t(v). List the prime factors of l(i).
7
Suppose 6*o - 742 - 44 = 0. List the prime factors of o.
131
List the prime factors of (-1068)/9*9/6*-1.
2, 89
Suppose -4*y - 4 = 0, 211 = 2*p - 4*y + 3*y. List the prime factors of p.
3, 5, 7
Let r(f) = f**3 + 7*f**2 + 5*f + 7. Suppose -3*s - 54 = -6*s. Suppose 0 = -5*k + 5*t - 45, -5*k - s = 5*t - t. List the prime factors of r(k).
13
Let x(h) = -h + 8. Let q be x(6). What are the prime factors of q/3 + (-384)/(-18)?
2, 11
Let h = 11 - 6. Suppose o = 5*a + 4, 1 - h = -4*a. List the prime factors of o + -1 + 1*-2.
2, 3
Suppose -4*o - o - 50 = 0. Let d be 444/10 + 4/o. Suppose d = 2*b + 2*b. What are the prime factors of b?
11
Let r(g) = -g**3 - g**2 + g - 5. Let f(t) = -2*t**3 - t**2 + 2*t - 5. Let n(i) = 2*f(i) - 3*r(i). List the prime factors of n(0).
5
Let p(w) = w**3 - 3*w**2 - 6*w - 3. What are the prime factors of p(5)?
17
Suppose 12 = -t + 4*t. Suppose 4*u + 6 = -w + 1, -2*w + 10 = t*u. List the prime factors of w.
3, 5
Let w(l) = 3*l + 3*l - 3*l + 3*l**2 + 3. Let i be w(-3). Let t = -14 + i. What are the prime factors of t?
7
Suppose -4*q - 414 = -6*q. What are the prime factors of q?
3, 23
List the prime factors of (1*(-276)/3)/(-1).
2, 23
Suppose -3*m = c - 10, -5*m + 0*c + 14 = -c. Let f = -11 - -29. Suppose -3*x + 21 = -m*y, 2*x - 2*y - 2*y - f = 0. List the prime factors of x.
5
Let n = 25 - -20. Suppose -2*t - n = -2*s + t, 2*t = 5*s - 118. List the prime factors of s.
2, 3
List the prime factors of (-20)/(-15)*90/4.
2, 3, 5
Suppose 0 = 2*i + 4*l - 54 - 54, -i + 54 = -2*l. What are the prime factors of i?
2, 3
Let q be 2 - -8 - (-1 - -2). Let f be q/((-9)/(-48) - 0). Suppose 0 = 3*l - u - 2*u - f, 4*l + 3*u = 29. What are the prime factors of l?
11
What are the prime factors of (235 - -1 - 5) + (2 - 0)?
233
Suppose 8 = 2*q - 2*p, 4*q - 37 = q - 2*p. Let h = q - 2. Suppose 0 = -v + 2*v - h. What are the prime factors of v?
7
Suppose 3*a = -2*o + 145, -10 = 5*a - 3*o - 239. What are the prime factors of a?
47
Suppose 4*k - 182 = 3*t - 2*t, -56 = -k - 5*t. What are the prime factors of k?
2, 23
Let a be (1*6)/(-3) - 0. Let z = a - -5. What are the prime factors of z?
3
Let x be (-1 - 5)*1/2. List the prime factors of (x/2)/((-3)/36).
2, 3
Let x = 3 + -1. Suppose x*h + h - 27 = 0. List the prime factors of h.
3
Let k(c) = 